composite number?
False
Is 7214 a composite number?
True
Is 5669 composite?
False
Is 1731 a composite number?
True
Is 7756733 a prime number?
True
Is 3194 prime?
False
Is 412557 a composite number?
True
Is 35481 a prime number?
False
Is 2486059 a composite number?
False
Is 1629253 a composite number?
False
Is 271163 prime?
True
Is 7207 a composite number?
False
Is 998 prime?
False
Is 739 a composite number?
False
Is 10511 a prime number?
False
Is 3959 a composite number?
True
Is 1801 a prime number?
True
Is 142743 a composite number?
True
Is 164471 a composite number?
False
Is 170207 prime?
True
Is 12598 composite?
True
Is 2731561 prime?
False
Is 295385 composite?
True
Is 96071 a prime number?
False
Is 102766 a composite number?
True
Is 40691 a prime number?
False
Is 264683 a prime number?
False
Is 5425985 a prime number?
False
Is 23631 a composite number?
True
Is 190937 composite?
True
Is 4043 a composite number?
True
Is 863 a composite number?
False
Is 55859 composite?
True
Is 212777 prime?
True
Is 42821 composite?
False
Is 56063 a prime number?
False
Is 643369 a prime number?
True
Is 13173 composite?
True
Is 5998 composite?
True
Is 21541 composite?
True
Is 296117 a prime number?
True
Is 689545 a composite number?
True
Is 34027 a prime number?
False
Is 133853 a prime number?
True
Is 3433 a composite number?
False
Is 421546 a prime number?
False
Is 10279 a composite number?
True
Is 4441 a prime number?
True
Is 14453 a prime number?
False
Is 49991 prime?
True
Is 327595 a composite number?
True
Is 6599 a prime number?
True
Is 18965 prime?
False
Is 31561 prime?
False
Is 677 a composite number?
False
Is 150783 prime?
False
Is 172883 a composite number?
False
Is 594959 a composite number?
False
Is 6688907 a prime number?
True
Is 47851 a prime number?
False
Is 8309 a composite number?
True
Is 758927 a prime number?
False
Is 52609 prime?
True
Is 25199 composite?
True
Is 1693 a composite number?
False
Is 12097 a prime number?
True
Is 742721 prime?
False
Is 115189 prime?
False
Is 34981 prime?
True
Is 9731 a composite number?
True
Is 4369349 composite?
False
Is 370919 a prime number?
True
Is 8263 a composite number?
False
Is 119543 prime?
False
Is 27539 a composite number?
False
Is 67423 a composite number?
True
Is 21953 a composite number?
True
Is 25733 a composite number?
False
Is 4073 a prime number?
True
Is 18119 composite?
False
Is 98818 prime?
False
Is 27929 prime?
False
Is 178123 composite?
True
Is 26965 composite?
True
Is 2683 composite?
False
Is 19103 composite?
True
Is 15053 a composite number?
False
Is 12431 a prime number?
False
Is 342997 composite?
True
Is 12407 prime?
False
Is 29611 a prime number?
True
Is 130283 a composite number?
True
Is 79961 a prime number?
False
Is 12929 composite?
True
Is 1701361 composite?
False
Is 17249 a prime number?
False
Is 375899 a prime number?
True
Is 9647 prime?
False
Is 4783 composite?
False
Is 249542 composite?
True
Is 159157 a composite number?
False
Is 20743 a prime number?
True
Is 5923 prime?
True
Is 683 a prime number?
True
Is 506609 a composite number?
False
Is 54869 a composite number?
False
Is 1457 a composite number?
True
Is 21062 composite?
True
Is 60185 prime?
False
Is 27509 a composite number?
False
Is 1291754 composite?
True
Is 917 prime?
False
Is 272239 a prime number?
False
Is 307189 composite?
False
Is 12955 composite?
True
Is 53857 composite?
False
Is 15187 a prime number?
True
Is 43163 prime?
False
Is 400339 a prime number?
True
Is 7663 prime?
False
Is 136589 prime?
False
Is 56311 prime?
True
Is 12659 a prime number?
True
Is 45283 a composite number?
True
Is 14867 a prime number?
True
Is 24085 composite?
True
Is 20279 a prime number?
False
Is 2239453 prime?
True
Is 401815 a composite number?
True
Is 21961 a composite number?
False
Is 95695 a composite number?
True
Is 1981351 composite?
True
Is 106718 a prime number?
False
Is 6743 a prime number?
False
Is 2066729 prime?
False
Is 37439 a prime number?
False
Is 375203 prime?
True
Is 29338 prime?
False
Is 198091 composite?
False
Is 1761 prime?
False
Is 5269 composite?
True
Is 153983 a composite number?
True
Is 274441 composite?
False
Is 113417 prime?
True
Is 479939 composite?
False
Is 38503 a composite number?
True
Is 2153243 composite?
False
Is 3639 prime?
False
Is 2359 a prime number?
False
Is 2927 composite?
False
Is 56591 composite?
False
Is 92033 composite?
False
Is 4271 a composite number?
False
Is 2487269 prime?
True
Is 42083 prime?
True
Is 9551 composite?
False
Is 14369 prime?
True
Is 209447 composite?
True
Is 2237 prime?
True
Is 15793 a composite number?
True
Is 80429 a composite number?
False
Is 180617 composite?
False
Is 38989 composite?
True
Is 12703 prime?
True
Is 585461 prime?
True
Is 180461 prime?
False
Is 5147 a prime number?
True
Is 10663 composite?
False
Is 1874899 a prime number?
False
Is 18701 a prime number?
True
Is 60589 a prime number?
True
Is 174569 prime?
True
Is 43657 a composite number?
True
Is 470809 composite?
True
Is 1357 a prime number?
False
Is 1584127 prime?
True
Is 592283 prime?
False
Is 68473 a prime number?
True
Is 66329 prime?
False
Is 12077 a prime number?
False
Is 59239 a composite number?
False
Is 297989 a composite number?
False
Is 1089191 composite?
False
Is 143053 composite?
False
Is 2045 prime?
False
Is 164399 composite?
True
Is 31129 a composite number?
True
Is 575647 prime?
True
Is 186601 a prime number?
True
Is 29167 a composite number?
False
Is 111029 a prime number?
True
Is 144701 prime?
True
Is 4253 a prime number?
True
Is 151549 composite?
False
Is 160309 a prime number?
True
Is 5437 a composite number?
False
Is 117529 composite?
False
Is 114887 composite?
True
Is 174821 composite?
False
Is 20269 prime?
True
Is 66277 a prime number?
False
Is 9803 a prime number?
True
Is 109073 a prime number?
True
Is 42199 a prime number?
False
Is 17903 a prime number?
True
Is 964861 a composite number?
False
Is 21661 prime?
True
Is 1626673 a prime number?
True
Is 847751 prime?
False
Is 21079 prime?
False
Is 7867 a prime number?
True
Is 42907 composite?
True
Is 33805 a prime number?
False
Is 5311 a composite number?
True
Is 167711 prime?
True
Is 4493 a composite number?
False
Is 22947 a composite number?
True
Is 62357 a prime number?
False
Is 400559 a composite number?
False
Is 98251 composite?
False
Is 633265 a composite number?
True
Is 2705 prime?
False
Is 157 prime?
True
Is 53657 a composite number?
False
Is 48673 prime?
True
Is 8809 composite?
True
Is 654443 composite?
True
Is 166781 composite?
False
Is 166885 composite?
True
Is 426193 prime?
True
Is 659 composite?
False
Is 38897 prime?
False
Is 796907 prime?
False
Is 2543 composite?
False
Is 26665 composite?
True
Is 651127 a prime number?
True
Is 218231 prime?
False
Is 967 prime?
True
Is 997457 a prime number?
False
Is 98179 composite?
False
Is 184567 composite?
False
Is 45143 a prime number?
False
Is 33809 prime?
True
Is 19901 a composite number?
True
Is 1524397 a composite number?
True
Is 31451 a composite number?
True
Is 12521 composite?
True
Is 4499 a composite number?
True
Is 18397 prime?
True
Is 12439 composite?
True
Is 45659 prime?
True
Is 31063 a prime number?
True
Is 709507 prime?
True
Is 100733 prime?
True
Is 10529 prime?
True
Is 3519899 composite?
False
Is 2006557 a composite number?
True
Is 83837 a composite number?
True
Is 34601 a composite number?
True
Is 5669 composite?
False
Is 159491 composite?
False
Is 35099 a prime number?
True
Is 5641899 prime?
False
Is 124813 a prime number?
False
Is 111899 a prime number?
False
Is 3043081 prime?
True
Is 3818641 composite?
False
Is 1087 a prime number?
True
Is 50339 a prime number?
False
Is 28103 composite?
True
Is 4533 composite?
True
Is 96661 a composite number?
False
Is 1054079 a composite number?
True
Is 1450915 a composite number?
True
Is 394453 composite?
False
Is 310355 a prime number?
False
Is 16639 composite?
True
Is 1247 prime?
False
Is 57055 prime?
False
Is 36629 composite?
False
Is 13198 composite?
True
Is 1901 a composite number?
False
Is 50981 prime?
False
Is 56038 a composite number?
True
Is 16597 a composite number?
True
Is 217847 a composite number?
True
Is 528659 composite?
False
Is 10307 prime?
False
Is 60209 a prime number?
True
Is 33211 composite?
False
Is 4771 a composite